uppose -87*s + 61249 = -64*s. Suppose -v + 5*c = -729, c - 2332 - s = -7*v. What is the hundreds digit of v?
7
Let n = 359 - 115. Suppose -8*a + 4836 = -n. What is the hundreds digit of a?
6
Let z = -11 - -15. What is the units digit of (-10038)/63*(-6)/z?
9
Suppose -5*i - 4*u + 0*u + 22 = 0, 3*u - 24 = -5*i. Let q = -95 + 184. Suppose i*t - 1 - q = 0. What is the units digit of t?
5
Let v = 467 + -1102. Let i = v - -1064. Let y = i + -271. What is the tens digit of y?
5
Suppose 58743 = 17*d - 19389. What is the units digit of d?
6
Let l(d) = -10*d**2 + 13*d + 19. Let b be l(-2). Let x(y) = 10*y + 7. Let s be x(9). Let j = s + b. What is the tens digit of j?
5
Let f(a) = 6*a + 9*a + 7*a - 23 - a**2 + 9*a. Suppose -o - 2*l = -4 - 9, -2*l = 4. What is the hundreds digit of f(o)?
2
Suppose -5*q = 22 - 67. What is the tens digit of (142/(-3))/(q/(-54))?
8
Suppose -180*h = 721783 - 3187603. What is the ten thousands digit of h?
1
Let k(a) = -8 - 123*a**3 + 508*a**3 - 7*a**2 - 123*a**3 - 132*a**3 - 129*a**3 + 7*a. Let h be 8 - 1/(-2)*0. What is the units digit of k(h)?
2
What is the units digit of -871*(-1)/((-4)/52)*-3?
9
Let d = -911 - -148. Let h = d - -1283. What is the tens digit of h?
2
Let c(x) = x**3 + 3*x**2 - 2*x + 241. Let i = -202 - -202. What is the units digit of c(i)?
1
Let a(u) = 12*u**3 + u**2 - 2*u + 1. Suppose -4*x + 3 = -4*f + 19, -4*f = -x - 13. Let p be a(f). What is the hundreds digit of -1 + -1 + p/2?
1
Let p be 168/78 + 1 - (-10)/(-65). Let j(a) = 0 + 30*a + 0 + 1. What is the units digit of j(p)?
1
Let x(w) = -16*w**2 - 6*w - 5. Suppose 7*u + 9 = -12. Let r be x(u). Let v = 218 + r. What is the units digit of v?
7
Let p = -34 + 37. Suppose -3*v + 5*v - 4*m - 2076 = 0, 0 = 2*v - p*m - 2075. What is the thousands digit of v?
1
Suppose -5*g = 3*g - 1360. Let l = -145 + g. What is the tens digit of l?
2
What is the hundreds digit of (6750/(-4))/((-23903)/(-748) + -32)?
2
Let l(u) = -u**3 - 41*u**2 - 96*u - 18. Let p be l(-39). Suppose -33*d + 27*d = -p. What is the units digit of d?
4
Let o be (-4)/(80/4308) + (-2)/(-5). Let m = 352 + o. What is the units digit of m?
7
What is the tens digit of -192639*(-28)/84 - (2 - 0)?
1
Let s(b) = -b**3 + 18*b**2 + 29*b + 34. Let k be s(19). Suppose -952 = k*m - 231*m. What is the units digit of m?
6
Let j(v) = v**3 - 7*v**2 - 3*v - 1. Let p be j(9). Let t = -137 + p. What is the units digit of 274 - t/(-2 + -1)?
3
Let i(x) = 85*x + 83*x - 24*x**2 - 181*x - 24 + 79*x**2. What is the units digit of i(-3)?
0
Let i = 503 - 479. Let p = -6 + 8. Suppose r = -b + 40, -p*b + 54 = 3*r - i. What is the tens digit of b?
4
Let d(l) = -7*l - 129. Let y be d(-34). Suppose 0 = -98*k + y*k - 17512. What is the hundreds digit of k?
5
Suppose 0 = 3*o - 12. Suppose -18 = o*m - 66. What is the tens digit of (3 - -42)*(-4 + 112/m)?
4
Let z(l) = 1995*l + 65*l**2 - 4 - 1991*l + 25*l**2. What is the units digit of z(2)?
4
Suppose 0 = 3*n - 4*d - 6 + 2, -5*n - 5 = 5*d. Suppose -4*h - 12 = n, -4*r - 5*h = -5*r + 207. Suppose -23*o + 20*o = -r. What is the units digit of o?
4
Let v(j) = 2*j**2 + 3*j + 4. Let n be v(-1). Suppose -4*i + 3186 = -5*s, 5*i - n*i + 4*s = 1580. What is the units digit of i?
4
Let r(c) = -260*c - 19. Let k = -340 + 337. What is the tens digit of r(k)?
6
Suppose 60 = -9*w + 15*w. Suppose -w*t = -9*t - 10. Suppose 12*h = 13*h - t. What is the tens digit of h?
1
Suppose -296*h + 61055 = -303*h + 387794. What is the units digit of h?
7
Let c = -6 + 9. Suppose -c*g = 12, 4*g = 5*p - 885 - 1051. Suppose 2*q + 4*q - p = 0. What is the tens digit of q?
6
Suppose 0 = -o + g + 406, -298*g = -301*g + 9. What is the tens digit of o?
0
Suppose 18 = 2*b, -185*t + 2*b - 189326 = -189*t. What is the units digit of t?
7
Suppose 6162 = -7*u + 20*u. Suppose -2*c + 2333 = -5*m, c - 3*m - 692 = u. What is the hundreds digit of c?
1
Suppose 0 = -6*j + 2*j - 11*j. Suppose 5*x + 0*x - 35 = a, -2*a - 40 = -5*x. Suppose j = x*u - 2*u - 736. What is the units digit of u?
4
Let g(i) = i**3 + 9*i**2 + 4*i + 31. Let l be g(-9). What is the units digit of 1160/15 - (l/(-15) + -1)?
8
Let r be (489/9)/((-2)/24). Let d = 950 + r. What is the units digit of d?
8
Let a = 4726 + -2038. What is the thousands digit of a?
2
Let q(y) = -7*y + 79. Let p be q(-15). Let k = p + 254. What is the hundreds digit of k?
4
Let f(y) = y**3 + 11*y**2 - 26*y - 3. Let l(s) = s**2 - 14*s + 33. Let n be l(9). Let u be f(n). Suppose 2*i = u + 1. What is the units digit of i?
3
Suppose -96*c - 171785 = -236*c + 202015. What is the units digit of c?
0
Suppose 30*c + 126555 = 63*c. What is the thousands digit of c?
3
Let i(j) = 3*j**3 - 7*j**3 - 3 + 4*j + 4*j**2 - 1. Let u be i(-4). Suppose 14*s = 9*s + u. What is the units digit of s?
0
Let u(s) = 3*s + 15. Let x be u(5). Let r be 5/x*4 - (-10)/3. Suppose b = -r*y + 10, 4*y - 1 = b - 11. What is the tens digit of b?
1
Suppose -11*v = 2*v - 3991. Let f = v - 179. What is the hundreds digit of f?
1
Let q = -8 + 16. Let k be (-501 - 3) + q/8. Let v = k - -753. What is the hundreds digit of v?
2
Let d = -17 + 18. Let k(b) = -217*b**2 - 2. Let f be k(d). Let z = 330 + f. What is the tens digit of z?
1
What is the thousands digit of 9591 + -3 + (9 - 3)?
9
Let r(h) = -h**2 + 12*h + 57. Let d be r(27). What is the units digit of (-2 - (-58)/4)/((-6)/d)?
5
Suppose 3*r - 5*f - 364 = 0, -2*f - 594 = 7*r - 12*r. Suppose -128*k = -r*k - 4600. What is the hundreds digit of k?
4
Suppose -16 + 4 = 3*j. Let o be (-6)/(-8) - j/16. What is the units digit of 87 + (o - 4) + 1?
5
Let r(f) = f + 10. Let p be r(-5). What is the units digit of (316/8 - p)*80/6?
0
Suppose 2*j + 4*u = 32, 3*j - 28 = 4*u - 5*u. Let d(m) = 2*m - j*m + 16 - m. What is the tens digit of d(-5)?
5
Suppose -13*h - 320 = -385. Suppose h*r - 1200 = -20*r. What is the units digit of r?
8
Let n = 87 - 60. Suppose 31*p = n*p + 1224. What is the tens digit of p?
0
Suppose -481355 = -53*r + 3458877. What is the tens digit of r?
4
Suppose 146700 = 13*b + 17*b. Suppose 0 = -12*s + 17634 - b. What is the hundreds digit of s?
0
Let t(n) be the first derivative of -n**2 + 22*n + 37. Let l be t(11). What is the tens digit of l + (-9330)/(-75) + 6/10?
2
Let d(t) = -11*t**3 - t + 9. Let v be d(-4). Suppose 2173 - v = 7*i. What is the hundreds digit of i?
2
Let u(y) = 72*y**2 + 2480*y + 23. What is the ten thousands digit of u(-39)?
1
Let j(k) = 14*k**3 + 2*k**2 - k. Let s be j(1). Suppose s*x = -170 + 650. What is the tens digit of x?
3
What is the units digit of 96278 + (-8 + 12 - 0*(-1)/(-8))?
2
Suppose -164*j + 650559 = 109*j. What is the thousands digit of j?
2
Let f = 32293 + -21409. What is the ten thousands digit of f?
1
Let s = -446 - -314. Let g = s - -138. Suppose 0*n = -g*n + 1530. What is the hundreds digit of n?
2
Let l = 21157 + 7410. What is the thousands digit of l?
8
Let w(n) = n**2 + 6*n + 9. Let d be w(-5). Let q(j) = -2*j + 12. Let r be q(5). Suppose -3*b - r*u + 166 = 0, d*b - 5*b + 47 = -u. What is the tens digit of b?
5
What is the hundreds digit of 1*((-46059)/26)/(18/(-24))?
3
Suppose 3*n + 210 = n. Let q be 47 - 34 - (11 + 1). What is the units digit of 2 - (0 - (q + 1 - n))?
9
Suppose 0 = 24*q - 73897 + 21817. What is the units digit of q?
0
Let t be (-54)/(-8) + 60/240. What is the hundreds digit of 3422/4 - ((-68)/8 + t)?
8
Let r be ((-715)/(-52))/((-2)/(-136)). Suppose 3*h - 5*u - 545 = 0, 6*h - h - r = 3*u. What is the hundreds digit of h?
1
Let h be -7753 + -2 + (-3 - -11 - 5). What is the tens digit of h/(-26) - (-38)/(-247)?
9
Let v be (23/5 + -3 + -2)*90. Let h(d) = d**2 + 3*d + 14. What is the units digit of h(v)?
2
What is the units digit of 6/(-93) - (-1612917)/279?
1
Let f(q) = -531*q**3 - q**2 - 4*q - 4. Let g be f(-1). Suppose 2*a - 78 = -g. Let i = -145 - a. What is the units digit of i?
1
Let u(g) = -6*g**2 - 493*g - 727. What is the tens digit of u(-75)?
9
Suppose -10*t - 38 = 9*t. What is the hundreds digit of (699/t)/(116/16 + -8)?
4
Let o be 6615/(-10)*(-100)/15. Suppose -o = -14*l + 7*l. What is the hundreds digit of l?
6
Let k = 31386 - 13355. What is the tens digit of k?
3
What is the thousands digit of 32850/3 + (3 - 2 - 1) + -4?
0
Let n be 26/(-22) - 112/(-616). Let o(l) = 123*l**2 + 2*l - 1. Let h be o(-3